329037 composite?
True
Is 17474 composite?
True
Is 2897 prime?
True
Is 301393 a composite number?
True
Is 42241 a prime number?
False
Is 2941 composite?
True
Is 90931 a composite number?
False
Is 129863 composite?
True
Is 146155 composite?
True
Is 1637 a composite number?
False
Is 7651 a prime number?
False
Is 1105789 a composite number?
True
Is 60887 prime?
True
Is 27539 prime?
True
Is 526933 composite?
True
Is 47341 a composite number?
True
Is 137451 prime?
False
Is 14711 composite?
True
Is 1187 a composite number?
False
Is 7039 a composite number?
False
Is 15971 prime?
True
Is 10445 a prime number?
False
Is 10118 a prime number?
False
Is 31439 prime?
False
Is 49222 a composite number?
True
Is 20477 a prime number?
True
Is 31763 composite?
True
Is 602821 a prime number?
True
Is 72526 a composite number?
True
Is 84883 a composite number?
True
Is 1488119 composite?
False
Is 26329 composite?
True
Is 42323 prime?
True
Is 40253 prime?
True
Is 415573 a prime number?
False
Is 8263 composite?
False
Is 306265 prime?
False
Is 2482111 prime?
True
Is 8209 a prime number?
True
Is 103055 a composite number?
True
Is 10427 a composite number?
False
Is 2761 composite?
True
Is 2497 composite?
True
Is 18053 composite?
True
Is 631 composite?
False
Is 21479 prime?
False
Is 94909 prime?
False
Is 133541 composite?
False
Is 125063 a composite number?
False
Is 139835 composite?
True
Is 225259 a prime number?
False
Is 22229 a composite number?
False
Is 21167 a prime number?
False
Is 62723 composite?
False
Is 58119 prime?
False
Is 34793 a prime number?
False
Is 69365 a prime number?
False
Is 5069 a prime number?
False
Is 36257 prime?
False
Is 2145777 composite?
True
Is 85421 a prime number?
False
Is 110981 a composite number?
True
Is 22147 a prime number?
True
Is 27883 composite?
False
Is 1131703 composite?
True
Is 443879 composite?
False
Is 2477242 composite?
True
Is 3898742 a prime number?
False
Is 111409 prime?
True
Is 436397 a prime number?
False
Is 1218631 prime?
True
Is 114649 prime?
True
Is 131489 prime?
True
Is 1778793 composite?
True
Is 195401 a composite number?
False
Is 6387 composite?
True
Is 40121 composite?
True
Is 5939 composite?
False
Is 265091 a composite number?
False
Is 40735 a prime number?
False
Is 7415 a composite number?
True
Is 40954 a composite number?
True
Is 13309 composite?
False
Is 3937 composite?
True
Is 10779 composite?
True
Is 376727 a composite number?
True
Is 63413 a prime number?
False
Is 9587 composite?
False
Is 16223 a composite number?
False
Is 68091 composite?
True
Is 5227 composite?
False
Is 701 prime?
True
Is 451897 a composite number?
False
Is 3166 prime?
False
Is 88489 a prime number?
False
Is 19945 composite?
True
Is 28513 a prime number?
True
Is 28639 composite?
True
Is 2501 prime?
False
Is 186059 prime?
False
Is 29371 a composite number?
True
Is 137327 prime?
False
Is 429083 a composite number?
False
Is 2583083 prime?
True
Is 13397 a composite number?
False
Is 202817 a composite number?
False
Is 3163 a prime number?
True
Is 15061 prime?
True
Is 45905 a prime number?
False
Is 53 prime?
True
Is 3453 composite?
True
Is 107006 a prime number?
False
Is 39019 a prime number?
True
Is 10111 a composite number?
False
Is 189181 a prime number?
False
Is 719327 a composite number?
True
Is 3229833 a composite number?
True
Is 18431 a composite number?
True
Is 339799 a composite number?
False
Is 95747 prime?
True
Is 1261 a composite number?
True
Is 2047 a prime number?
False
Is 6163 prime?
True
Is 724393 a composite number?
False
Is 891937 composite?
True
Is 7095197 prime?
True
Is 2315 a composite number?
True
Is 3037 prime?
True
Is 23149 composite?
True
Is 88859 composite?
True
Is 693127 a prime number?
True
Is 21001 prime?
True
Is 10651 composite?
False
Is 3946 a prime number?
False
Is 1013227 a composite number?
False
Is 5627 prime?
False
Is 3927647 a prime number?
True
Is 71543 composite?
True
Is 75611 a composite number?
False
Is 36143 a composite number?
True
Is 477647 prime?
False
Is 56489 composite?
False
Is 422843 a prime number?
False
Is 3083 a prime number?
True
Is 975487 a composite number?
True
Is 1375447 a composite number?
True
Is 1525561 prime?
True
Is 1047971 prime?
True
Is 47391 composite?
True
Is 547 a composite number?
False
Is 3803 a composite number?
False
Is 407029 a prime number?
False
Is 26627 a prime number?
True
Is 1073 a composite number?
True
Is 93719 a prime number?
True
Is 5261 a composite number?
False
Is 21169 prime?
True
Is 8632001 a prime number?
False
Is 4481 prime?
True
Is 76579 a composite number?
False
Is 14695 prime?
False
Is 1007 prime?
False
Is 756407 a composite number?
True
Is 1460941 prime?
True
Is 63577 prime?
True
Is 403993 composite?
False
Is 20693 a prime number?
True
Is 3080461 a prime number?
True
Is 73913 prime?
False
Is 46859 a prime number?
False
Is 7627 prime?
False
Is 4357 composite?
False
Is 5147 a prime number?
True
Is 840137 prime?
True
Is 1623 composite?
True
Is 2971 prime?
True
Is 7901 a composite number?
False
Is 223323 a prime number?
False
Is 138559 prime?
True
Is 1370669 a prime number?
True
Is 18037 composite?
True
Is 243911 prime?
True
Is 19519 prime?
False
Is 222503 prime?
False
Is 90205 prime?
False
Is 63193 composite?
True
Is 11597 prime?
True
Is 41885 composite?
True
Is 158657 a composite number?
False
Is 3302681 a composite number?
False
Is 982147 composite?
False
Is 6487 a prime number?
False
Is 1725637 prime?
False
Is 1439 a prime number?
True
Is 2531 prime?
True
Is 418751 a composite number?
False
Is 324869 a composite number?
False
Is 124649 composite?
True
Is 31907 prime?
True
Is 5711 prime?
True
Is 8023 a composite number?
True
Is 55487 a prime number?
True
Is 949913 prime?
False
Is 29749 prime?
False
Is 270437 prime?
True
Is 51101 a prime number?
False
Is 11299 a composite number?
False
Is 37277 prime?
True
Is 1822 prime?
False
Is 28513 a prime number?
True
Is 78473 a composite number?
True
Is 189827 a composite number?
True
Is 20497 a prime number?
False
Is 74615 composite?
True
Is 207743 a composite number?
False
Is 13303 composite?
True
Is 3739 prime?
True
Is 179229 a prime number?
False
Is 11213 a prime number?
True
Is 5377 a prime number?
False
Is 60037 a composite number?
False
Is 79487 a composite number?
True
Is 120371 composite?
False
Is 23719 prime?
True
Is 11665 a composite number?
True
Is 39079 a composite number?
False
Is 15421 composite?
True
Is 583873 composite?
False
Is 1207529 a prime number?
True
Is 5017 composite?
True
Is 14623 a prime number?
False
Is 5161 prime?
False
Is 11558 composite?
True
Is 54599 a prime number?
False
Is 3793 a prime number?
True
Is 483317 prime?
True
Is 20459 a composite number?
True
Is 9293 composite?
False
Is 517633 a composite number?
True
Is 23174 composite?
True
Is 251 a composite number?
False
Is 23099 a prime number?
True
Is 1339577 prime?
True
Is 21763 composite?
True
Is 50411 a prime number?
True
Is 92299 prime?
False
Is 1017703 prime?
True
Is 106019 a composite number?
False
Is 1055 prime?
False
Is 191099 a composite number?
False
Is 63361 prime?
True
Is 3629 a composite number?
True
Is 42257 prime?
True
Is 16949 a prime number?
False
Is 137807 prime?
False
Is 15877 prime?
True
Is 478559 composite?
True
Is 18269 a composite number?
False
Is 97349 composite?
True
Is 128993 prime?
True
Is 25703 a prime number?
True
Is 24233 composite?
True
Is 220823 prime?
False
Is 237399 prime?
False
Is 275479 prime?
False
Is 85298 a composite number?
True
Is 24359 composite?
False
Is 15991 prime?
True
Is 9731 a composite number?
True
Is 9411 composite?
True
Is 59689 a prime number?
False
Is 137653 a composite number?
False
Is 14207 composite?
False
Is 607247 a prime number?
False
Is 102587 prime?
True
Is 1805233 composite?
True
Is 3251 a composite number?
False
Is 799 prime?
False
Is 826867 a composite number?
False
Is 12373 a composite number?
False
Is 5594 prime?
False
Is 2503 composite?
False
Is 1254131 composite?
False
Is 5296309 prime?
True
Is 77635 composite?
True
Is 339686 composite?
True
Is 46457 composite?
False
Is 638189 a prime number?
False
Is 107099 prime?
True
Is 13859 a composite number?
False
Is 23663 a prime number?
True
Is 178291 prime?
False
Is 1415905 composite?
True
Is 100805 a composite number?
Tr